NOAA-Style Climate Reports


Report for 2015 June
                   Monthly Climatological Summary for Jun 2015

Name: SFCweather   City: San Fernando City   Province: La Union

                  Temperature (°C), Rain (mm), Wind Speed (km/h)

                                      Heat  Cool        Avg
    Mean                              Deg   Deg         Wind                 Dom
Day Temp  High   Time   Low    Time   Days  Days  Rain  Speed High   Time    Dir
----------------------------------------------------------------------------------
 1  28.2  34.8   12:20  24.3   03:47   0.0   9.9   0.2   0.6  11.3   13:29     N
 2  29.4  34.9   10:25  23.9   04:32   0.0  11.1   0.0   0.9  16.1   17:32     N
 3  30.2  35.3   11:05  24.9   05:39   0.0  12.0   0.0   1.0  12.9   11:45    NW
 4  30.2  35.2   11:34  24.9   05:27   0.0  11.9   4.1   1.4  17.7   15:57   NNW
 5  29.9  35.4   11:47  25.2   05:07   0.0  11.5   0.0   1.0  16.1   18:08   WNW
 6  29.6  36.5   13:51  24.8   05:40   0.0  11.3   0.3   0.7  14.5   09:42     W
 7  29.3  36.7   13:51  25.3   02:28   0.0  11.0   0.0   0.4  12.9   10:47    SW
 8  30.1  35.7   11:34  24.8   04:05   0.0  11.8   0.0   0.5   9.7   08:50     W
 9  30.0  35.6   11:25  26.3   05:40   0.0  11.7   0.0   0.7  14.5   11:45   WNW
10  30.5  35.2   11:47  25.5   05:30   0.0  12.2   0.0   0.8  14.5   16:45    NW
11  30.4  35.8   13:22  26.5   05:46   0.0  12.1   0.0   0.7  12.9   12:57   WNW
12  31.0  36.2   11:12  26.3   05:51   0.0  12.5   0.0   0.8  12.9   11:39    NW
13  29.6  36.9   12:47  24.2   16:52   0.0  11.3  10.4   1.2  22.5   18:24    SW
14  29.4  36.5   12:56  23.4   04:01   0.0  11.1   0.5   0.6  14.5   11:46   WSW
15  30.2  35.6   11:16  24.4   05:31   0.0  11.9   0.0   1.0  16.1   17:22   NNW
16  29.9  36.9   12:11  25.8   04:49   0.0  11.6   0.0   0.6  14.5   15:37   SSW
17  29.8  37.4   10:40  25.2   05:39   0.0  11.5  11.9   0.7  17.7   17:51     W
18  28.5  35.6   12:33  25.5   23:30   0.0  10.2   1.8   0.5  17.7   18:58    SW
19  28.1  35.2   10:53  25.0   21:18   0.0   9.8  79.5   0.6  17.7   11:17    SW
20  28.0  35.3   13:31  24.5   03:26   0.0   9.7  22.6   0.5  17.7   12:30   SSW
21  27.7  34.5   12:48  24.7   05:27   0.0   9.4   0.0   1.0  30.6   13:47   SSW
22  28.5  34.8   13:02  24.6   04:13   0.0  10.2   1.0   1.2  22.5   14:09   SSW
23  29.8  36.1   12:53  25.7   23:41   0.0  11.5   2.3   0.9  17.7   12:40   SSW
24  29.3  35.6   13:20  25.2   01:43   0.0  11.0  16.8   0.5  12.9   11:22   SSW
25  29.3  35.8   13:46  25.2   05:32   0.0  11.0  18.3   0.6  14.5   10:57    SW
26  28.5  35.2   12:24  24.1   20:07   0.0  10.2  58.9   0.6  17.7   16:51   SSW
27  29.2  36.4   13:18  23.7   05:34   0.0  10.8   0.0   0.4  11.3   17:56    SW
28  28.6  34.9   12:26  24.4   19:06   0.0  10.3  34.0   0.5  19.3   18:50     W
29  28.2  35.3   13:12  24.0   05:03   0.0   9.9  69.9   0.9  19.3   17:37     N
30  28.7  35.1   12:44  24.6   19:53   0.0  10.4  63.5   1.0  17.7   17:49     E
----------------------------------------------------------------------------------
    29.3  37.4    17    23.4    14     0.0 330.8 396.0   0.8  30.6    21       W

Max >=  30.0: 30
Max <=  25.0:  0
Min <=  25.0: 18
Min <=  20.0:  0
Max Rain: 79.5 on day 19
Days of Rain: 17 (>= 0.2 mm)  12 (>= 2.0 mm)  6 (>= 20.0 mm)
Heat Base: 18.3  Cool Base: 18.3  Method: Integration