NOAA-Style Climate Reports


Report for 2015 March
                   Monthly Climatological Summary for Mar 2015

Name: SFCweather   City: San Fernando City   Province: La Union

                  Temperature (°C), Rain (mm), Wind Speed (km/h)

                                      Heat  Cool        Avg
    Mean                              Deg   Deg         Wind                 Dom
Day Temp  High   Time   Low    Time   Days  Days  Rain  Speed High   Time    Dir
----------------------------------------------------------------------------------
 1  26.1  31.0   12:31  20.5   06:07   0.0   7.8   0.0   1.5  16.1   11:12    NW
 2  26.5  31.1   11:12  22.3   02:38   0.0   8.2   0.0   1.3  12.9   16:13    NW
 3  25.5  31.7   14:17  20.7   06:29   0.0   7.2   0.0   0.8  11.3   12:11   NNW
 4  25.0  30.9   13:31  18.6   06:10   0.0   6.7   0.0   2.0  22.5   16:41   NNW
 5  26.2  33.8   13:49  20.1   06:08   0.0   7.9   0.0   1.2  14.5   19:06    NW
 6  26.6  32.0   11:41  21.2   06:24   0.0   8.3   0.0   1.4  14.5   15:38   NNW
 7  25.8  31.1   14:16  20.2   06:35   0.0   7.5   0.0   1.6  19.3   17:37   NNW
 8  26.7  32.6   14:05  21.4   05:45   0.0   8.4   0.0   0.8  12.9   11:03   WNW
 9  26.6  32.3   12:54  21.8   05:52   0.0   8.3   0.0   1.4  14.5   13:47   WNW
10  27.7  33.5   14:36  22.9   06:19   0.0   9.4   0.0   1.2  16.1   12:52    SW
11  26.0  31.2   12:18  19.9   06:12   0.0   7.7   0.0   1.0  12.9   10:55   NNW
12  26.9  32.2   14:22  22.2   03:47   0.0   8.5   0.0   1.4  16.1   11:30    NW
13  27.0  32.4   11:22  21.8   06:16   0.0   8.7   0.0   1.4  16.1   16:51   WNW
14  26.7  32.6   12:51  21.4   05:29   0.0   8.4   0.0   0.9  12.9   10:09   WSW
15  26.6  31.1   10:33  21.1   06:15   0.0   8.3   0.0   1.5  14.5   12:51   NNW
16  26.9  31.6   10:58  22.1   06:06   0.0   8.6   0.0   1.5  16.1   15:21   NNW
17  27.2  34.3   14:32  22.1   05:03   0.0   8.9   0.0   1.2  19.3   12:59    SW
18  26.6  32.0   11:54  21.4   06:21   0.0   8.3   0.0   1.4  14.5   10:40   WNW
19  25.9  30.9   12:47  20.8   04:57   0.0   7.6   0.0   2.6  27.4   15:21   NNW
20  26.1  31.1   12:44  21.2   06:03   0.0   7.8   0.0   1.3  12.9   09:57    NW
21  27.2  33.0   10:29  22.6   04:04   0.0   8.9   0.0   1.0  14.5   12:14    NW
22  27.9  31.7   13:44  23.2   06:10   0.0   9.6   0.0   1.0  16.1   13:25   NNW
23  27.7  33.8   12:25  24.2   06:11   0.0   9.4   3.8   0.9  17.7   23:54     W
24  27.1  31.4   11:17  23.6   05:16   0.0   8.8   3.0   2.0  19.3   17:28   NNW
25  27.8  32.1   11:24  23.1   05:54   0.0   9.5   0.0   1.4  16.1   14:43    NW
26  26.2  32.3   09:57  23.1   05:45   0.0   7.9  12.7   0.7  14.5   10:10   SSW
27  27.3  32.3   12:25  22.2   02:45   0.0   8.9   0.0   1.7  17.7   16:58   NNW
28  27.5  32.1   11:50  22.3   05:47   0.0   9.2   0.0   1.6  20.9   18:10   NNW
29  28.0  32.7   12:46  23.3   06:18   0.0   9.7   0.0   1.5  19.3   17:26    NW
30  28.1  32.0   11:29  22.9   06:03   0.0   9.8   0.0   1.7  19.3   17:33   NNW
31  27.7  32.8   10:51  22.0   05:51   0.0   9.4   0.0   1.7  16.1   12:52   NNW
----------------------------------------------------------------------------------
    26.8  34.3    17    18.6     4     0.0 263.6  19.5   1.4  27.4    19      NW

Max >=  30.0: 31
Max <=  25.0:  0
Min <=  25.0: 31
Min <=  20.0:  2
Max Rain: 12.7 on day 26
Days of Rain: 3 (>= 0.2 mm)  3 (>= 2.0 mm)  0 (>= 20.0 mm)
Heat Base: 18.3  Cool Base: 18.3  Method: Integration