NOAA-Style Climate Reports


Report for 2015 February
                   Monthly Climatological Summary for Feb 2015

Name: SFCweather   City: San Fernando City   Province: La Union

                  Temperature (°C), Rain (mm), Wind Speed (km/h)

                                      Heat  Cool        Avg
    Mean                              Deg   Deg         Wind                 Dom
Day Temp  High   Time   Low    Time   Days  Days  Rain  Speed High   Time    Dir
----------------------------------------------------------------------------------
 1  24.5  30.0   13:07  20.0   04:36   0.0   6.2   0.0   0.5  12.9   12:15   WNW
 2  23.5  28.9   13:21  18.1   06:40   0.0   5.2   0.0   0.7  12.9   11:53    NW
 3  23.4  28.6   12:35  17.7   06:23   0.0   5.1   0.0   0.8  14.5   13:57    NW
 4  24.7  29.3   11:54  21.6   06:33   0.0   6.4   0.0   0.8  12.9   12:01   WNW
 5  24.4  28.9   13:23  20.5   23:56   0.0   6.1   0.0   1.6  19.3   15:26   NNW
 6  24.2  29.4   10:13  19.1   04:56   0.0   5.9   0.0   1.2  16.1   13:40   NNW
 7  24.8  30.3   12:00  20.1   06:20   0.0   6.5   0.0   0.9  12.9   17:58    NW
 8  24.1  29.6   12:09  19.8   06:13   0.0   5.8   0.0   2.7  30.6   13:35   NNW
 9  24.0  29.4   13:57  18.8   06:20   0.0   5.7   0.0   1.4  17.7   18:18   NNW
10  24.4  29.4   11:54  20.3   06:27   0.0   6.1   0.0   1.1  14.5   11:57    NW
11  25.0  30.1   13:01  20.3   02:39   0.0   6.7   0.0   1.3  14.5   10:48    NW
12  25.0  28.2   11:32  22.3   22:49   0.0   6.7   0.0   4.0  27.4   11:30     N
13  25.3  31.1   11:56  19.7   06:00   0.0   7.0   0.0   0.6  17.7   11:05    SW
14  26.1  32.1   11:12  21.3   06:32   0.0   7.8   0.0   1.1  12.9   10:45     W
15  25.6  29.8   12:41  22.6   01:18   0.0   7.3   0.3   1.0  12.9   14:43   NNW
16  26.4  30.4   13:52  22.8   06:35   0.0   8.1   0.0   2.0  17.7   17:23   NNW
17  26.7  32.2   12:29  22.9   05:58   0.0   8.4   0.0   1.8  16.1   14:26    NW
18  26.7  32.8   12:42  22.3   06:05   0.0   8.4   0.0   1.1  16.1   17:55    NW
19  25.6  29.9   11:16  21.3   06:20   0.0   7.3   0.0   0.9  12.9   11:40   NNW
20  25.8  30.3   13:43  21.4   05:42   0.0   7.5   0.0   1.0  14.5   12:40   WNW
21  26.6  32.4   13:58  22.1   02:39   0.0   8.2   0.0   1.1  12.9   12:05   WSW
22  25.5  29.9   13:14  21.2   05:18   0.0   7.2   0.0   1.2  14.5   12:09   NNW
23  26.5  32.4   14:22  20.2   06:04   0.0   8.2   0.0   1.1  17.7   10:59    SW
24  25.9  30.2   13:28  21.4   06:16   0.0   7.6   0.0   1.5  17.7   12:32   NNW
25  26.2  30.2   15:39  21.9   05:14   0.0   7.9   0.0   1.4  16.1   16:58   NNW
26  26.9  30.3   10:30  23.5   02:04   0.0   8.6   0.0   1.7  16.1   14:39   NNW
27  26.6  30.7   11:38  21.9   05:43   0.0   8.3   0.0   1.3  14.5   15:13   NNW
28  26.8  32.4   14:58  21.1   06:20   0.0   8.5   0.0   1.1  14.5   17:18    NW
----------------------------------------------------------------------------------
    25.4  32.8    18    17.7     3     0.0 198.7   0.3   1.3  30.6     8      NW

Max >=  30.0: 16
Max <=  25.0:  0
Min <=  25.0: 28
Min <=  20.0:  7
Max Rain: 0.3 on day 15
Days of Rain: 1 (>= 0.2 mm)  0 (>= 2.0 mm)  0 (>= 20.0 mm)
Heat Base: 18.3  Cool Base: 18.3  Method: Integration