NOAA-Style Climate Reports


Report for 2014 December
                   Monthly Climatological Summary for Dec 2014

Name: SFCweather   City: San Fernando City   Province: La Union

                  Temperature (°C), Rain (mm), Wind Speed (km/h)

                                      Heat  Cool        Avg
    Mean                              Deg   Deg         Wind                 Dom
Day Temp  High   Time   Low    Time   Days  Days  Rain  Speed High   Time    Dir
----------------------------------------------------------------------------------
 1  27.4  33.4   12:30  23.8   04:59   0.0   9.1   0.0   0.1   9.7   12:44    SW
 2  27.8  32.4   11:21  24.2   03:38   0.0   9.5   0.0   0.5  11.3   13:33    NW
 3  27.0  31.3   12:19  23.9   05:30   0.0   8.7   1.8   0.2  11.3   14:23    NW
 4  28.1  32.5   14:09  24.2   06:13   0.0   9.8   0.0   1.8  17.7   13:24   NNE
 5  27.3  32.3   10:38  23.2   04:24   0.0   9.0   0.0   0.5   9.7   12:45   WNW
 6  26.7  31.4   12:10  23.3   06:14   0.0   8.4   3.3   0.3  11.3   10:59     W
 7  25.3  30.8   14:50  21.2   06:16   0.0   7.0   0.0   0.3   9.7   13:58    NW
 8  25.6  31.2   13:42  20.8   04:29   0.0   7.3   0.0   0.9  17.7   14:24    NE
 9  27.0  33.3   13:46  22.4   06:00   0.0   8.7   0.0   0.4  11.3   12:08   SSW
10  26.7  30.5   12:35  23.8   06:28   0.0   8.4   0.0   0.1   9.7   13:53     N
11  26.6  31.7   13:37  22.8   06:06   0.0   8.3   0.0   0.4  11.3   12:03    NW
12  26.8  31.4   12:35  23.0   05:24   0.0   8.5   0.0   0.4  11.3   13:08    NW
13  27.1  31.9   11:26  23.4   05:30   0.0   8.8   0.0   0.3  11.3   10:44   WSW
14  26.9  31.1   13:29  23.4   05:44   0.0   8.6   0.0   0.4  11.3   17:36   WNW
15  26.4  30.9   10:16  23.1   05:59   0.0   8.1   2.3   0.4   9.7   11:30    NW
16  27.0  33.1   12:26  23.6   03:27   0.0   8.7   1.2   0.5  12.9   13:47   NNW
17  26.5  32.1   12:42  23.7   23:39   0.0   8.2   3.1   0.4  12.9   07:40   NNW
18  25.5  29.9   12:15  22.3   06:41   0.0   7.2   0.0   0.4  12.9   12:46   WNW
19  25.5  31.5   15:08  21.5   04:54   0.0   7.2   0.0   0.6  14.5   12:05    SE
20  25.5  30.3   11:41  21.7   06:23   0.0   7.2   0.0   1.1  16.1   14:37     N
21  26.3  30.4   13:30  22.2   04:47   0.0   8.0   0.0   1.0  16.1   18:01     N
22  26.2  30.8   14:35  22.6   06:04   0.0   7.9   0.0   0.5   9.7   00:37     W
23  26.0  30.4   12:24  22.1   06:12   0.0   7.7   0.0   0.6  11.3   16:20   NNW
24  26.2  30.8   11:07  22.3   05:40   0.0   7.9   0.0   0.2  14.5   21:38   ENE
25  26.8  31.2   11:20  22.9   06:34   0.0   8.5   0.0   0.4   9.7   13:40    NW
26  26.4  31.3   11:50  22.6   06:04   0.0   8.1   0.0   0.5  12.9   13:55     W
27  26.1  30.6   11:14  22.4   06:15   0.0   7.8   0.0   0.4   9.7   12:27   WSW
28  26.5  30.4   12:33  22.9   03:41   0.0   8.2   0.0   1.0  14.5   21:14    NW
29  25.5  29.6   11:53  22.2   23:40   0.0   7.2   0.0   2.7  19.3   07:31     N
30  24.8  29.4   10:11  20.7   06:16   0.0   6.5   0.0   0.6  12.9   14:32   NNW
31  25.3  29.9   12:06  21.2   06:08   0.0   7.0   0.0   0.6  11.3   12:55    NW
----------------------------------------------------------------------------------
    26.4  33.4     1    20.7    30     0.0 251.5  11.7   0.6  19.3    29     NNW

Max >=  30.0: 27
Max <=  25.0:  0
Min <=  25.0: 31
Min <=  20.0:  0
Max Rain: 3.3 on day 6
Days of Rain: 5 (>= 0.2 mm)  3 (>= 2.0 mm)  0 (>= 20.0 mm)
Heat Base: 18.3  Cool Base: 18.3  Method: Integration