NOAA-Style Climate Reports


Report for 2014 September
                   Monthly Climatological Summary for Sep 2014

Name: SFCweather   City: San Fernando City   Province: La Union

                  Temperature (°C), Rain (mm), Wind Speed (km/h)

                                      Heat  Cool        Avg
    Mean                              Deg   Deg         Wind                 Dom
Day Temp  High   Time   Low    Time   Days  Days  Rain  Speed High   Time    Dir
----------------------------------------------------------------------------------
 1  28.5  33.6   12:52  24.0   06:01   0.0  10.2   0.2   0.6  11.3   19:41     W
 2  28.4  33.6   12:21  25.3   03:14   0.0  10.1   4.6   0.4  12.9   10:45   SSW
 3  27.7  33.6   11:16  25.1   05:55   0.0   9.4   8.4   0.2  11.3   16:45    SW
 4  27.8  32.2   12:30  24.6   05:07   0.0   9.5   0.0   0.1   8.0   12:34    SW
 5  28.2  33.8   11:45  24.4   05:48   0.0   9.9   0.3   0.3   9.7   09:13   WSW
 6  28.6  35.3   10:44  24.3   05:48   0.0  10.3   0.2   0.8  20.9   13:30   SSW
 7  29.7  35.4   12:30  24.3   05:49   0.0  11.4   0.8   0.8  16.1   11:55   SSW
 8  28.1  34.4   11:05  24.3   23:53   0.0   9.8  19.5   0.5  17.7   12:53   SSW
 9  26.9  33.3   13:38  23.3   05:02   0.0   8.6  20.9   0.2   8.0   11:23   SSW
10  27.7  34.1   12:48  23.8   03:54   0.0   9.3   5.3   0.7  17.7   15:16   SSW
11  28.0  33.4   12:01  23.8   04:22   0.0   9.7  22.3   0.6  20.9   17:31   SSW
12  29.3  34.7   10:07  24.3   05:13   0.0  11.0   0.3   0.8  17.7   11:13   SSW
13  28.1  32.4   12:29  24.3   20:41   0.0   9.8  16.8   0.7  19.3   20:11     N
14  26.9  31.0   12:15  24.7   23:55   0.0   8.6 127.2   1.9  30.6   18:08     N
15  26.7  30.3   13:20  23.9   02:45   0.0   8.4  51.6   6.4  46.7   03:56   SSW
16  28.4  34.1   14:18  25.3   23:08   0.0  10.1   0.0   0.6  22.5   10:08   SSW
17  28.3  32.8   12:52  23.0   06:07   0.0  10.0   0.0   1.2  16.1   21:34     N
18  28.5  32.4   13:23  24.8   05:46   0.0  10.2   1.5   2.3  20.9   16:45   NNE
19  25.9  29.3   09:44  22.8   23:34   0.0   7.6 180.1   3.1  38.6   21:05    SW
20  24.7  26.5   15:24  23.1   07:50   0.0   6.4 128.3   3.9  48.3   01:35   SSW
21  24.7  29.7   13:02  21.8   17:37   0.0   6.4  65.2   0.7  27.4   06:12     S
22  27.3  35.0   12:49  22.6   05:13   0.0   9.0  19.6   0.3  12.9   16:19    SW
23  28.3  33.8   12:12  23.5   04:50   0.0  10.0   0.2   0.5  11.3   11:11   WSW
24  27.6  32.6   13:29  24.4   23:54   0.0   9.3   0.5   0.8  12.9   09:42     N
25  27.8  33.1   11:54  23.2   04:16   0.0   9.5   1.1   0.5   9.7   09:38   WSW
26  27.7  33.4   13:45  23.4   05:16   0.0   9.4   0.0   0.4   9.7   10:03   WNW
27  28.1  32.7   15:19  23.9   04:34   0.0   9.8   0.0   0.8  12.9   10:47   NNW
28  28.5  33.5   12:31  24.5   05:44   0.0  10.2   4.0   0.5  12.9   12:08   WSW
29  28.3  32.3   11:28  24.2   05:01   0.0  10.0   0.0   1.7  24.1   19:30     N
30  28.3  33.5   12:29  24.6   05:56   0.0  10.0   0.0   0.7  12.9   10:32   WSW
----------------------------------------------------------------------------------
    27.8  35.4     7    21.8    21     0.0 283.9 678.9   1.1  48.3    20      SW

Max >=  30.0: 27
Max <=  25.0:  0
Min <=  25.0: 27
Min <=  20.0:  0
Max Rain: 180.1 on day 19
Days of Rain: 23 (>= 0.2 mm)  14 (>= 2.0 mm)  7 (>= 20.0 mm)
Heat Base: 18.3  Cool Base: 18.3  Method: Integration