NOAA-Style Climate Reports


Report for 2014 August
                   Monthly Climatological Summary for Aug 2014

Name: SFCweather   City: San Fernando City   Province: La Union

                  Temperature (°C), Rain (mm), Wind Speed (km/h)

                                      Heat  Cool        Avg
    Mean                              Deg   Deg         Wind                 Dom
Day Temp  High   Time   Low    Time   Days  Days  Rain  Speed High   Time    Dir
----------------------------------------------------------------------------------
 1  26.0  29.1   12:46  25.1   19:15   0.0   7.7  37.8   0.3  12.9   09:35   SSW
 2  25.6  27.3   13:02  24.9   05:50   0.0   7.3  76.7   0.4  14.5   13:34     S
 3  26.4  32.4   09:51  23.8   23:58   0.0   8.1  74.2   0.5  16.1   11:12   SSW
 4  26.2  32.1   11:21  23.5   02:38   0.0   7.9  80.2   0.3  17.7   12:42   SSW
 5  25.8  31.1   09:52  23.9   04:32   0.0   7.5  38.1   0.5  16.1   15:19   SSW
 6  26.5  32.0   15:49  23.8   02:37   0.0   8.2  16.8   0.1   9.7   13:57   SSE
 7  28.3  33.1   14:46  25.6   01:41   0.0  10.0   7.6   0.4  16.1   18:39   SSW
 8  28.4  33.0   15:34  25.5   05:45   0.0  10.2   1.0   0.2  11.3   13:53   SSW
 9  28.8  34.1   13:36  25.6   05:55   0.0  10.5   0.3   0.2  12.9   11:59   SSW
10  28.3  33.4   10:23  24.9   05:49   0.0  10.0   0.0   0.4  14.5   11:44   SSW
11  29.1  34.8   12:30  25.4   05:18   0.0  10.8   0.0   0.3   9.7   09:30   SSW
12  28.6  34.5   12:33  25.2   03:22   0.0  10.3   0.0   0.3  11.3   12:46   SSW
13  29.6  36.3   12:08  24.5   05:42   0.0  11.3   0.0   0.3  11.3   10:51   SSW
14  28.7  34.1   09:05  24.1   05:42   0.0  10.4   0.8   0.5  11.3   12:45    NW
15  28.9  32.5   12:15  25.9   05:15   0.0  10.6   0.0   2.0  16.1   12:03   NNE
16  27.7  32.5   13:52  24.8   21:21   0.0   9.4  20.0   1.0  14.5   11:55     N
17  26.0  30.6   12:48  24.1   22:51   0.0   7.7 112.8   0.8  16.1   14:12   SSW
18  26.8  33.1   13:21  23.7   02:39   0.0   8.5  23.4   0.4  12.9   13:39   SSW
19  28.0  33.8   11:55  23.2   05:37   0.0   9.7   0.0   0.4   9.7   10:48    NW
20  28.9  33.1   10:52  24.9   03:26   0.0  10.6   0.0   1.0  12.9   19:29     N
21  28.9  33.9   13:30  24.5   05:45   0.0  10.6   0.0   0.6  12.9   15:48    NW
22  27.4  35.0   12:27  23.8   05:19   0.0   9.1   6.3   0.3  11.3   13:11   SSW
23  27.6  33.9   12:51  23.5   04:32   0.0   9.3   6.1   0.7  20.9   17:55   ENE
24  28.5  34.3   13:05  23.9   01:38   0.0  10.2   1.0   0.5  12.9   11:52    SW
25  27.4  34.1   11:10  25.4   05:51   0.0   9.1  11.2   0.1  11.3   11:32    SW
26  26.4  30.4   16:00  24.7   05:50   0.0   8.1   6.6   0.0   3.2   08:43   ---
27  28.2  34.4   11:11  23.6   05:16   0.0   9.9   0.0   0.5  16.1   14:38   SSW
28  26.8  32.7   11:20  24.1   23:23   0.0   8.5   5.6   0.3   9.7   11:48     N
29  27.2  31.6   11:15  23.6   05:52   0.0   8.9   0.3   0.2   9.7   10:42   WNW
30  27.9  33.2   13:54  24.5   03:37   0.0   9.6   0.0   0.3  11.3   13:36   SSW
31  27.8  34.2   12:18  24.5   05:21   0.0   9.5   2.0   0.4  12.9   12:43    SW
----------------------------------------------------------------------------------
    27.6  36.3    13    23.2    19     0.0 289.5 528.8   0.5  20.9    23     WSW

Max >=  30.0: 29
Max <=  25.0:  0
Min <=  25.0: 23
Min <=  20.0:  0
Max Rain: 112.8 on day 17
Days of Rain: 21 (>= 0.2 mm)  16 (>= 2.0 mm)  8 (>= 20.0 mm)
Heat Base: 18.3  Cool Base: 18.3  Method: Integration