NOAA-Style Climate Reports


Report for 2014 April
                   Monthly Climatological Summary for Apr 2014

Name: SFCweather   City: San Fernando City   Province: La Union

                  Temperature (°C), Rain (mm), Wind Speed (km/h)

                                      Heat  Cool        Avg
    Mean                              Deg   Deg         Wind                 Dom
Day Temp  High   Time   Low    Time   Days  Days  Rain  Speed High   Time    Dir
----------------------------------------------------------------------------------
 1  28.2  32.6   13:27  23.7   05:31   0.0   9.9   0.0   1.9  19.3   17:14   NNW
 2  28.6  33.1   09:09  25.0   06:02   0.0  10.3   0.0   2.7  25.7   17:58   NNW
 3  28.4  35.6   12:35  23.3   04:14   0.0  10.1   0.0   1.9  20.9   17:14    NW
 4  28.6  34.5   11:57  23.9   06:04   0.0  10.3   0.0   2.5  22.5   16:10   NNW
 5  28.6  35.5   12:56  23.5   02:22   0.0  10.3   0.0   1.3  19.3   12:40   WSW
 6  29.0  33.7   11:31  24.9   06:01   0.0  10.7   0.0   1.5  16.1   11:01    NW
 7  28.5  33.4   14:43  23.8   05:55   0.0  10.2   0.0   1.5  16.1   19:19    NW
 8  29.0  33.0   10:32  25.8   06:03   0.0  10.8   0.0   1.6  17.7   17:15    NW
 9  28.0  32.5   13:38  23.3   05:55   0.0   9.7   0.0   2.1  16.1   16:35   NNW
10  28.3  33.3   11:34  22.9   05:48   0.0   9.9   0.0   1.8  17.7   18:25    NW
11  28.8  34.1   11:44  24.2   05:11   0.0  10.5   0.0   1.4  14.5   13:05     W
12  29.0  33.3   12:55  25.0   04:47   0.0  10.7   0.0   1.6  16.1   18:47    NW
13  29.1  33.0   11:37  26.3   04:43   0.0  10.8   0.0   2.7  19.3   11:50   NNW
14  29.1  33.7   11:40  24.5   05:19   0.0  10.8   0.0   1.2  16.1   12:36   WNW
15  28.5  32.4   14:07  24.1   05:25   0.0  10.2   0.0   1.4  14.5   10:16    NW
16  28.9  33.3   11:09  24.1   06:00   0.0  10.6   0.0   1.3  14.5   18:00   WNW
17  28.8  34.1   12:42  24.6   05:00   0.0  10.5   0.0   1.3  12.9   12:27    NW
18  29.7  33.6   11:48  25.9   05:55   0.0  11.4   0.0   2.4  20.9   16:50   NNW
19  29.6  34.0   11:19  25.3   05:46   0.0  11.3   0.0   1.9  17.7   12:11    NW
20  28.9  33.8   14:02  24.7   06:01   0.0  10.6   0.0   1.6  17.7   13:05    NW
21  29.5  36.3   13:17  24.2   05:19   0.0  11.2   0.0   1.6  17.7   10:33     W
22  29.8  34.3   12:28  26.7   02:02   0.0  11.5   0.0   1.5  16.1   14:18   WNW
23  29.6  33.7   10:33  25.7   03:44   0.0  11.3   0.0   1.6  16.1   10:08    NW
24  29.8  34.8   10:59  25.1   02:36   0.0  11.5   0.0   1.8  17.7   12:22    NW
25  29.7  34.9   12:43  25.9   23:46   0.0  11.4   0.7   1.4  17.7   10:58     W
26  29.4  34.7   14:41  24.6   04:15   0.0  11.1   0.0   1.0  17.7   12:11     W
27  29.9  35.1   11:24  24.7   05:38   0.0  11.6   0.0   1.9  16.1   09:41    NW
28  29.8  33.6   11:12  26.5   05:47   0.0  11.5   0.0   2.9  19.3   19:13   NNW
29  29.7  34.3   10:57  25.3   05:40   0.0  11.4   0.0   1.0  17.7   11:23   WSW
30  29.3  35.9   12:26  23.8   20:59   0.0  11.0  53.1   1.7  19.3   13:30    SW
----------------------------------------------------------------------------------
    29.1  36.3    21    22.9    10     0.0 323.1  53.8   1.7  25.7     2      NW

Max >=  30.0: 30
Max <=  25.0:  0
Min <=  25.0: 20
Min <=  20.0:  0
Max Rain: 53.1 on day 30
Days of Rain: 2 (>= 0.2 mm)  1 (>= 2.0 mm)  1 (>= 20.0 mm)
Heat Base: 18.3  Cool Base: 18.3  Method: Integration