NOAA-Style Climate Reports


Report for 2014 March
                   Monthly Climatological Summary for Mar 2014

Name: SFCweather   City: San Fernando City   Province: La Union

                  Temperature (°C), Rain (mm), Wind Speed (km/h)

                                      Heat  Cool        Avg
    Mean                              Deg   Deg         Wind                 Dom
Day Temp  High   Time   Low    Time   Days  Days  Rain  Speed High   Time    Dir
----------------------------------------------------------------------------------
 1  25.6  30.3   13:19  20.5   05:45   0.0   7.3   0.0   1.4  14.5   10:44    NW
 2  25.3  30.0   11:48  19.9   06:04   0.0   7.0   0.0   2.0  17.7   12:11   NNW
 3  25.3  30.7   11:38  20.1   06:13   0.0   6.9   0.0   1.5  17.7   12:03   WNW
 4  25.5  31.8   12:28  21.1   04:04   0.0   7.2   0.0   0.9  12.9   12:37   WSW
 5  25.3  30.6   14:30  20.6   02:17   0.0   7.0   0.0   1.7  17.7   11:31   NNW
 6  25.8  30.7   12:26  20.8   05:58   0.0   7.5   0.0   1.3  12.9   10:51   NNW
 7  25.9  30.8   11:09  21.0   05:24   0.0   7.6   0.0   1.0  12.9   12:57   WNW
 8  25.8  31.7   14:08  20.6   05:13   0.0   7.5   0.0   1.0  12.9   14:56    NW
 9  25.4  30.2   14:07  20.2   05:50   0.0   7.1   0.0   2.2  17.7   14:10   NNW
10  26.5  31.0   13:04  22.1   01:21   0.0   8.2   0.0   1.6  14.5   12:13    NW
11  26.7  32.2   13:40  22.0   06:27   0.0   8.4   0.0   1.3  14.5   17:33     W
12  27.0  32.3   13:59  21.8   06:04   0.0   8.7   0.0   1.2  12.9   11:45   WNW
13  27.0  32.1   12:59  21.8   04:00   0.0   8.7   0.0   2.5  22.5   17:24   NNW
14  27.4  32.8   11:21  22.4   06:10   0.0   9.1   0.0   1.8  14.5   10:16   WNW
15  27.0  31.4   12:51  22.7   06:18   0.0   8.7   0.0   1.3  14.5   11:01    NW
16  26.6  31.6   12:54  21.7   05:59   0.0   8.3   0.0   1.5  16.1   17:03    NW
17  26.7  31.5   12:44  21.3   05:43   0.0   8.4   0.0   1.5  14.5   17:21   NNW
18  26.6  31.2   14:54  21.7   03:06   0.0   8.3   0.0   1.9  17.7   12:55   NNW
19  26.5  31.1   12:05  21.2   06:02   0.0   8.2   0.0   1.8  20.9   13:04   NNW
20  26.8  31.3   12:58  21.9   05:30   0.0   8.5   0.0   2.1  16.1   16:13   NNW
21  27.8  32.4   10:05  23.8   03:35   0.0   9.5   0.0   1.6  16.1   16:52    NW
22  27.2  31.6   12:26  22.5   05:57   0.0   8.9   0.0   1.6  19.3   16:49    NW
23  27.2  32.3   12:50  21.9   05:47   0.0   8.9   0.0   1.8  17.7   17:38   NNW
24  26.9  31.6   12:39  21.5   05:51   0.0   8.6   0.0   1.8  16.1   14:50    NW
25  27.7  32.0   13:26  24.7   05:02   0.0   9.3   0.0   1.0  14.5   12:03   WNW
26  27.7  32.4   11:37  23.1   05:37   0.0   9.4   0.0   1.1  14.5   10:52    NW
27  27.8  32.6   12:55  22.7   05:07   0.0   9.5   0.0   1.5  14.5   10:40    NW
28  29.8  36.5   13:28  25.5   06:31   0.0  11.5   0.0   1.4  14.5   12:25   WNW
29  29.1  32.8   11:15  25.1   05:31   0.0  10.8   0.0   2.0  19.3   17:47   NNW
30  28.6  33.2   12:20  24.1   04:21   0.0  10.3   0.0   2.1  22.5   17:12   NNW
31  28.9  35.6   12:59  23.7   06:10   0.0  10.6   0.0   1.4  17.7   11:31    SW
----------------------------------------------------------------------------------
    26.9  36.5    28    19.9     2     0.0 265.9   0.0   1.6  22.5    13      NW

Max >=  30.0: 31
Max <=  25.0:  0
Min <=  25.0: 29
Min <=  20.0:  1
Max Rain: 0.0 on day 0
Days of Rain: 0 (>= 0.2 mm)  0 (>= 2.0 mm)  0 (>= 20.0 mm)
Heat Base: 18.3  Cool Base: 18.3  Method: Integration