NOAA-Style Climate Reports


Report for 2014 February
                   Monthly Climatological Summary for Feb 2014

Name: SFCweather   City: San Fernando City   Province: La Union

                  Temperature (°C), Rain (mm), Wind Speed (km/h)

                                      Heat  Cool        Avg
    Mean                              Deg   Deg         Wind                 Dom
Day Temp  High   Time   Low    Time   Days  Days  Rain  Speed High   Time    Dir
----------------------------------------------------------------------------------
 1  24.1  29.6   12:01  19.2   04:25   0.0   5.8   0.0   0.9  16.1   11:24   NNW
 2  27.2  34.6   16:14  21.5   02:13   0.0   8.9   0.0   1.4  20.9   12:29   SSW
 3  26.6  31.7   12:15  24.6   04:03   0.0   8.3   4.1   0.8  12.9   12:24     W
 4  26.0  30.0   12:20  22.3   06:04   0.0   7.7   0.0   1.2  14.5   18:36   NNW
 5  26.3  30.9   13:00  22.6   06:26   0.0   8.0   0.0   1.2  12.9   12:12    NW
 6  26.1  30.9   12:32  21.6   03:52   0.0   7.8   0.0   1.3  12.9   16:00   NNW
 7  26.1  30.7   13:47  21.7   06:21   0.0   7.8   0.0   1.6  20.9   16:05   NNW
 8  26.0  30.1   11:07  22.9   23:54   0.0   7.7   0.0   2.2  16.1   04:42     N
 9  25.9  30.4   10:56  22.1   06:16   0.0   7.6   0.0   1.2  14.5   14:07    NW
10  26.1  30.3   11:56  22.3   23:50   0.0   7.8   0.0   3.1  19.3   13:29     N
11  24.8  30.1   13:54  20.9   05:29   0.0   6.5   0.0   2.7  24.1   16:32     N
12  23.9  29.1   12:04  19.4   04:29   0.0   5.6   0.0   1.2  17.7   16:27    NW
13  24.6  31.2   15:11  18.1   05:42   0.0   6.3   0.0   1.5  17.7   19:10    NW
14  24.3  28.9   12:41  19.2   06:11   0.0   6.0   0.0   3.4  27.4   16:32     N
15  24.5  29.4   10:08  19.5   01:43   0.0   6.1   0.0   1.1  16.1   11:30   WNW
16  24.6  29.6   13:12  20.2   06:14   0.0   6.3   0.0   1.5  17.7   16:56   NNW
17  24.9  30.1   13:03  19.8   06:14   0.0   6.6   0.0   1.1  12.9   11:24    NW
18  25.8  31.3   12:55  20.7   02:31   0.0   7.5   0.0   1.7  16.1   16:34    NW
19  25.4  30.3   13:45  20.4   04:49   0.0   7.1   0.0   3.1  20.9   14:37     N
20  25.1  28.8   14:32  21.8   06:17   0.0   6.8   0.0   2.9  19.3   11:13     N
21  25.0  29.2   14:42  20.6   06:27   0.0   6.7   0.0   1.4  16.1   17:48   NNW
22  24.6  28.7   12:07  20.1   06:12   0.0   6.3   0.0   1.4  16.1   18:11   NNW
23  25.0  29.7   13:14  20.2   06:01   0.0   6.7   0.0   1.2  16.1   12:01    NW
24  24.7  29.8   11:35  19.7   06:02   0.0   6.4   0.0   1.3  14.5   12:54    NW
25  24.7  29.6   13:02  18.9   06:15   0.0   6.4   0.0   1.5  16.1   14:28   NNW
26  25.6  31.8   14:31  21.3   04:52   0.0   7.3   0.0   1.0  16.1   10:18    SW
27  25.5  30.1   12:48  20.6   05:25   0.0   7.2   0.0   1.3  14.5   12:18    NW
28  25.8  30.6   11:31  20.3   06:04   0.0   7.4   0.0   1.5  19.3   18:21    NW
----------------------------------------------------------------------------------
    25.3  34.6     2    18.1    13     0.0 196.6   4.1   1.6  27.4    14     NNW

Max >=  30.0: 17
Max <=  25.0:  0
Min <=  25.0: 28
Min <=  20.0:  8
Max Rain: 4.1 on day 3
Days of Rain: 1 (>= 0.2 mm)  1 (>= 2.0 mm)  0 (>= 20.0 mm)
Heat Base: 18.3  Cool Base: 18.3  Method: Integration