NOAA-Style Climate Reports


Report for 2013 December
                   Monthly Climatological Summary for Dec 2013

Name: SFCweather   City: San Fernando City   Province: La Union

                  Temperature (°C), Rain (mm), Wind Speed (km/h)

                                      Heat  Cool        Avg
    Mean                              Deg   Deg         Wind                 Dom
Day Temp  High   Time   Low    Time   Days  Days  Rain  Speed High   Time    Dir
----------------------------------------------------------------------------------
 1  26.0  30.6   12:47  22.2   05:23   0.0   7.7   0.0   0.2   9.7   14:19   NNW
 2  27.0  32.2   12:34  23.4   05:44   0.0   8.7   0.0   0.3  12.9   12:42   SSW
 3  26.8  31.2   11:59  22.2   06:27   0.0   8.5   0.0   0.3  11.3   11:03   WNW
 4  26.6  31.3   10:23  22.9   23:33   0.0   8.2   0.0   0.6  11.3   14:37   NNW
 5  25.7  30.4   12:20  22.2   06:13   0.0   7.4   0.0   0.3   9.7   11:33     W
 6  25.8  29.8   12:39  21.4   06:16   0.0   7.5   0.0   0.6   9.7   10:17   NNW
 7  26.4  31.6   13:27  22.6   02:13   0.0   8.1   0.0   0.3  11.3   11:08   WSW
 8  26.8  31.7   11:55  22.4   06:24   0.0   8.5   0.0   0.4   9.7   10:06    NW
 9  27.5  31.4   13:51  24.1   03:09   0.0   9.2   0.0   0.8  14.5   18:13   NNW
10  27.8  33.5   12:01  24.7   05:22   0.0   9.5   0.0   0.6  14.5   11:04   SSW
11  27.3  31.9   11:32  23.9   06:10   0.0   9.0   0.0   0.6  12.9   12:36   NNW
12  27.5  32.2   13:30  23.7   05:39   0.0   9.2   0.0   0.4  11.3   11:01    SW
13  27.2  32.1   11:47  23.8   04:13   0.0   8.9   0.0   0.4  11.3   13:02   NNW
14  27.1  31.9   14:24  23.1   06:01   0.0   8.8   0.0   0.6  11.3   10:00   WNW
15  26.8  32.3   11:30  22.8   03:28   0.0   8.5   0.0   0.4   9.7   12:11   WSW
16  27.0  33.2   11:54  23.3   03:25   0.0   8.7   0.0   0.3   9.7   10:46   WNW
17  27.4  31.6   11:56  23.4   01:32   0.0   9.1   0.0   0.8  11.3   17:01     N
18  26.2  28.9   13:15  24.4   07:43   0.0   7.9   3.6   2.8  22.5   14:36     N
19  26.5  31.3   13:12  23.8   22:59   0.0   8.2   0.0   0.5  11.3   12:08     N
20  26.6  31.6   09:29  22.7   04:06   0.0   8.3   0.0   0.4   9.7   10:13    NW
21  26.8  32.0   14:02  23.8   06:45   0.0   8.5   0.0   0.3   9.7   13:14    NW
22  26.9  31.8   10:03  23.4   06:35   0.0   8.6   0.0   0.5  12.9   12:50    NW
23  25.9  31.2   12:25  22.4   05:55   0.0   7.6   0.2   0.4  11.3   11:31     N
24  26.9  31.2   12:48  23.8   02:13   0.0   8.6   0.0   1.2  17.7   15:11   NNW
25  27.2  31.3   13:53  24.2   02:07   0.0   8.9   0.0   0.6  11.3   15:44   NNW
26  26.3  29.8   12:48  24.4   18:27   0.0   8.0   0.0   4.2  30.6   19:21     N
27  24.9  27.9   11:56  22.9   05:22   0.0   6.6   0.0   4.4  30.6   11:42     N
28  25.1  29.3   11:20  21.2   05:02   0.0   6.8   0.0   0.4  11.3   13:35    NW
29  25.1  30.1   12:32  20.9   06:29   0.0   6.8   0.0   0.9  16.1   13:41   NNW
30  25.0  29.8   13:32  20.5   06:40   0.0   6.7   0.0   0.6   9.7   12:29   NNW
31  24.8  29.8   11:52  20.1   05:48   0.0   6.5   0.0   0.9  14.5   13:40   NNW
----------------------------------------------------------------------------------
    26.5  33.5    10    20.1    31     0.0 253.5   3.8   0.8  30.6    26     NNW

Max >=  30.0: 24
Max <=  25.0:  0
Min <=  25.0: 31
Min <=  20.0:  0
Max Rain: 3.6 on day 18
Days of Rain: 2 (>= 0.2 mm)  1 (>= 2.0 mm)  0 (>= 20.0 mm)
Heat Base: 18.3  Cool Base: 18.3  Method: Integration