NOAA-Style Climate Reports


Report for 2013 November
                   Monthly Climatological Summary for Nov 2013

Name: SFCweather   City: San Fernando City   Province: La Union

                  Temperature (°C), Rain (mm), Wind Speed (km/h)

                                      Heat  Cool        Avg
    Mean                              Deg   Deg         Wind                 Dom
Day Temp  High   Time   Low    Time   Days  Days  Rain  Speed High   Time    Dir
----------------------------------------------------------------------------------
 1  27.2  31.3   13:17  25.0   05:02   0.0   8.9   1.0   1.6  19.3   13:59   SSW
 2  26.8  31.6   10:23  22.9   05:46   0.0   8.5   0.0   0.1   8.0   04:36   NNW
 3  26.6  31.8   10:59  23.8   23:57   0.0   8.4  17.0   0.8  14.5   19:44     N
 4  26.5  32.1   10:20  23.0   05:34   0.0   8.2   3.6   0.2   8.0   10:56   WSW
 5  27.6  32.2   11:39  24.4   05:26   0.0   9.3   0.0   0.5   9.7   10:58   WNW
 6  27.7  32.0   09:15  24.5   04:44   0.0   9.4   0.0   0.5  12.9   12:55   NNW
 7  26.9  32.6   15:28  23.0   04:17   0.0   8.6   0.0   0.4   9.7   10:24     W
 8  26.6  31.8   13:18  22.8   05:21   0.0   8.3   0.5   0.1   6.4   10:36    NW
 9  27.2  30.3   11:33  24.9   02:00   0.0   8.9   0.5   0.4  12.9   03:49    NE
10  27.6  31.8   10:58  24.8   23:55   0.0   9.3   0.0   0.5   9.7   11:55   NNW
11  27.2  32.2   12:32  23.1   06:02   0.0   8.9   0.0   0.5   9.7   11:32    NW
12  26.9  32.0   10:23  22.3   05:54   0.0   8.6   0.0   0.3   8.0   10:30   WNW
13  26.4  31.4   12:38  23.1   02:21   0.0   8.1   0.0   0.1   8.0   09:07     N
14  27.3  32.5   13:44  23.6   04:33   0.0   9.0   0.0   0.7  12.9   15:44     N
15  27.6  32.8   12:48  24.4   06:26   0.0   9.3   0.0   0.5  11.3   14:18   NNW
16  27.4  32.1   10:59  23.1   05:43   0.0   9.1   0.0   0.5   9.7   11:18   NNW
17  27.6  31.6   12:15  23.8   04:56   0.0   9.3   0.0   0.7  11.3   13:21   NNW
18  27.3  31.7   15:00  23.4   05:59   0.0   9.0   0.0   0.3  16.1   12:04     W
19  26.8  31.6   11:43  23.7   06:06   0.0   8.5   0.0   0.4  11.3   10:46   WNW
20  26.6  31.7   10:28  22.2   06:21   0.0   8.3   0.0   0.8  16.1   18:26     N
21  26.2  31.4   12:24  22.3   06:19   0.0   7.9   0.0   0.4   9.7   12:37    NW
22  26.9  31.4   12:55  23.0   03:40   0.0   8.6   0.0   0.3  12.9   10:50    NW
23  26.8  31.7   10:24  23.2   06:15   0.0   8.5   0.0   0.3   9.7   11:54   WSW
24  27.0  32.1   11:20  23.8   04:49   0.0   8.7   0.0   0.2   8.0   10:20     W
25  27.3  32.0   12:14  24.4   05:21   0.0   9.0   0.0   1.1  19.3   16:01     N
26  27.4  32.7   10:37  23.2   06:00   0.0   9.1   0.0   0.5  12.9   12:46   WNW
27  27.2  31.6   12:03  23.8   06:03   0.0   8.9   0.0   0.4  11.3   10:39    NW
28  26.9  31.0   12:04  24.4   23:57   0.0   8.6   1.0   1.6  20.9   15:13     N
29  26.5  30.9   13:12  23.9   22:12   0.0   8.2   0.0   1.4  19.3   13:53     N
30  26.5  30.9   11:44  23.1   05:38   0.0   8.2   0.0   0.4  12.9   11:57    SW
----------------------------------------------------------------------------------
    27.0  32.8    15    22.2    20     0.0 261.6  23.6   0.5  20.9    28      NW

Max >=  30.0: 30
Max <=  25.0:  0
Min <=  25.0: 30
Min <=  20.0:  0
Max Rain: 17.0 on day 3
Days of Rain: 6 (>= 0.2 mm)  2 (>= 2.0 mm)  0 (>= 20.0 mm)
Heat Base: 18.3  Cool Base: 18.3  Method: Integration