NOAA-Style Climate Reports


Report for 2013 August
                   Monthly Climatological Summary for Aug 2013

Name: SFCweather   City: San Fernando City   Province: La Union

                  Temperature (°C), Rain (mm), Wind Speed (km/h)

                                      Heat  Cool         Avg
    Mean                              Deg   Deg          Wind                 Dom
Day Temp  High   Time   Low    Time   Days  Days   Rain  Speed High   Time    Dir
-----------------------------------------------------------------------------------
 1  27.6  33.5   12:39  23.9   05:45   0.0   9.3    1.8   1.3  24.1   10:52   SSW
 2  29.2  34.2   12:30  25.2   23:20   0.0  10.9    0.0   1.2  20.9   10:01   SSW
 3  28.3  35.0   09:56  23.8   05:04   0.0  10.0    1.0   0.2   8.0   11:45   NNE
 4  28.4  33.9   11:43  24.4   05:16   0.0  10.1    0.0   0.3  11.3   12:30    SW
 5  29.0  33.4   10:58  24.9   04:48   0.0  10.7    0.0   0.5   9.7   11:29    NW
 6  28.5  33.6   12:25  25.8   05:47   0.0  10.2    0.3   0.6  16.1   12:46   SSW
 7  29.4  34.7   10:53  24.4   05:03   0.0  11.1    0.0   1.0  12.9   15:54     N
 8  28.4  33.9   12:57  25.2   04:37   0.0  10.1    3.5   0.7  16.1   01:22   NNW
 9  29.2  35.1   12:38  24.9   01:01   0.0  10.9    0.0   0.8  12.9   11:25   WSW
10  28.6  34.4   12:26  24.6   21:01   0.0  10.3   14.7   0.6  11.3   10:58    NW
11  27.0  33.6   12:16  23.9   05:11   0.0   8.7   67.1   0.8  22.5   16:43   NNW
12  24.7  27.3   07:46  23.3   13:07   0.0   6.4  102.4   4.3  32.2   10:17   SSW
13  28.0  31.7   13:31  24.2   23:59   0.0   9.7    4.3   3.0  29.0   23:27   SSW
14  27.5  32.9   11:48  23.7   01:52   0.0   9.2   21.6   1.4  22.5   01:13   SSW
15  28.5  35.1   11:27  24.1   05:51   0.0  10.2    0.0   0.5   9.7   13:19   SSW
16  26.8  34.4   10:17  23.9   16:52   0.0   8.5   59.4   0.7  24.1   12:06     S
17  25.2  25.9   14:35  24.4   20:42   0.0   6.9  106.9   1.0  16.1   18:11     S
18  25.3  26.6   12:06  24.0   21:59   0.0   7.0  184.7   0.8  43.5   17:16     S
19  24.1  28.1   09:45  23.1   15:16   0.0   5.8  128.8   0.3  14.5   16:55    SE
20  25.1  31.6   11:24  23.0   02:16   0.0   6.7   82.3   0.4  22.5   16:09   SSW
21  25.2  28.4   09:47  23.7   00:19   0.0   6.9   62.7   1.2  17.7   17:30     S
22  26.2  33.1   12:46  24.1   17:06   0.0   7.9   29.7   1.6  17.7   16:04   SSW
23  26.8  32.9   14:32  23.2   23:42   0.0   8.5   68.9   0.8  16.1   07:35     S
24  26.7  34.1   11:21  22.8   05:31   0.0   8.4   16.2   0.5  16.1   15:08   SSW
25  27.2  32.7   12:03  23.6   05:46   0.0   8.9    0.3   0.4  11.3   11:31    SW
26  27.9  32.4   11:32  24.9   05:47   0.0   9.6   36.8   0.5   9.7   10:43   SSW
27  25.3  26.7   15:31  24.1   21:53   0.0   7.0   49.0   0.3  17.7   05:41   SSW
28  25.3  28.1   15:32  24.4   00:43   0.0   7.0   31.5   0.8  12.9   10:24     S
29  28.2  34.5   13:45  23.8   03:09   0.0   9.9    0.0   0.6  12.9   11:14   SSW
30  28.6  35.1   12:25  23.7   05:25   0.0  10.3    0.0   0.5  11.3   14:40   SSW
31  28.1  33.7   09:37  23.7   05:20   0.0   9.8    0.0   0.1   8.0   15:03     N
-----------------------------------------------------------------------------------
    27.2  35.1     9    22.8    24     0.0 276.9 1073.9   0.9  43.5    18     SSW

Max >=  30.0: 24
Max <=  25.0:  0
Min <=  25.0: 28
Min <=  20.0:  0
Max Rain: 184.7 on day 18
Days of Rain: 22 (>= 0.2 mm)  18 (>= 2.0 mm)  14  (>= 20.0 mm)
Heat Base: 18.3  Cool Base: 18.3  Method: Integration