NOAA-Style Climate Reports


Report for 2013 July
                   Monthly Climatological Summary for Jul 2013

Name: SFCweather   City: San Fernando City   Province: La Union

                  Temperature (°C), Rain (mm), Wind Speed (km/h)

                                      Heat  Cool        Avg
    Mean                              Deg   Deg         Wind                 Dom
Day Temp  High   Time   Low    Time   Days  Days  Rain  Speed High   Time    Dir
----------------------------------------------------------------------------------
 1  30.4  36.2   12:19  25.6   05:45   0.0  12.1   0.0   1.5  22.5   11:18   SSW
 2  28.3  34.0   10:58  24.9   05:09   0.0  10.0   1.8   0.9  25.7   17:54     N
 3  27.7  34.5   11:04  24.4   05:16   0.0   9.4   0.5   0.6  14.5   14:03   SSW
 4  27.3  35.1   13:01  23.8   20:56   0.0   9.0  42.9   0.7  27.4   16:12    SW
 5  26.9  33.6   14:14  23.4   19:18   0.0   8.6  22.9   0.6  17.7   18:14    NW
 6  28.3  33.4   10:25  22.9   05:35   0.0  10.0   0.3   0.7  16.1   17:29   NNW
 7  28.6  34.4   11:52  24.7   05:40   0.0  10.3  11.9   0.7  19.3   19:42    SW
 8  28.1  33.4   09:31  24.0   05:05   0.0   9.8   8.9   1.0  14.5   19:12     N
 9  28.3  33.1   14:57  23.8   02:02   0.0  10.0   0.2   0.9  12.9   17:06   NNW
10  28.3  33.1   08:08  24.0   05:36   0.0  10.0  12.2   0.8  19.3   18:57   NNW
11  29.0  33.4   10:37  24.7   05:08   0.0  10.7   0.0   0.9  17.7   15:19    NW
12  28.6  34.0   10:22  24.8   05:49   0.0  10.3   1.8   0.8  19.3   15:12    SW
13  28.3  34.7   11:42  24.8   04:31   0.0  10.0   0.5   1.0  27.4   13:37   SSW
14  26.8  33.9   09:43  23.3   14:49   0.0   8.5  76.0   0.6  20.9   13:58   WSW
15  28.0  33.2   15:00  23.1   05:24   0.0   9.7   0.2   0.5  12.9   10:38     W
16  27.6  33.1   11:37  24.5   21:29   0.0   9.3  37.4   1.0  17.7   17:06    NW
17  28.0  33.8   14:25  24.3   00:30   0.0   9.7   6.8   1.1  17.7   18:53   SSW
18  29.8  37.6   15:31  24.6   03:01   0.0  11.5   2.6   0.8  19.3   11:07   SSW
19  28.7  36.1   13:06  25.2   04:01   0.0  10.4  11.9   0.6  16.1   19:29    NE
20  28.1  34.5   12:58  24.3   04:18   0.0   9.8   5.6   0.5   9.7   10:01   WSW
21  27.3  33.8   13:17  24.1   16:54   0.0   9.0  25.1   0.8  14.5   15:28   SSW
22  27.4  33.5   11:44  24.1   05:41   0.0   9.1   3.3   0.5  12.9   11:45   SSW
23  27.5  34.3   13:14  24.4   20:01   0.0   9.2  59.5   0.8  22.5   15:41    SW
24  26.3  33.4   11:18  23.9   05:09   0.0   8.0   1.5   0.5  19.3   12:41    SW
25  27.7  32.6   10:32  24.0   00:00   0.0   9.4   0.5   0.5  11.3   10:47   SSW
26  27.3  33.0   11:49  24.2   05:44   0.0   9.0   3.6   0.3  20.9   19:47   SSW
27  27.0  33.2   11:49  23.1   05:38   0.0   8.7   7.1   0.9  17.7   19:10     N
28  27.0  33.2   13:47  23.2   05:47   0.0   8.7   7.6   0.7  12.9   16:48   NNW
29  27.6  32.7   10:14  24.1   05:35   0.0   9.3   1.0   0.5  12.9   11:49   SSW
30  28.0  32.9   11:20  24.6   02:33   0.0   9.7   2.5   0.3  11.3   11:46   NNW
31  27.5  32.9   13:18  24.7   23:33   0.0   9.2   0.8   0.1   8.0   09:07   SSW
----------------------------------------------------------------------------------
    27.9  37.6    18    22.9     6     0.0 298.4 356.9   0.7  27.4     4       W

Max >=  30.0: 31
Max <=  25.0:  0
Min <=  25.0: 29
Min <=  20.0:  0
Max Rain: 76.0 on day 14
Days of Rain: 29 (>= 0.2 mm)  18 (>= 2.0 mm)  6 (>= 20.0 mm)
Heat Base: 18.3  Cool Base: 18.3  Method: Integration