NOAA-Style Climate Reports


Report for 2013 June
                   Monthly Climatological Summary for Jun 2013

Name: SFCweather   City: San Fernando City   Province: La Union

                  Temperature (°C), Rain (mm), Wind Speed (km/h)

                                      Heat  Cool        Avg
    Mean                              Deg   Deg         Wind                 Dom
Day Temp  High   Time   Low    Time   Days  Days  Rain  Speed High   Time    Dir
----------------------------------------------------------------------------------
 1  30.1  35.2   11:36  24.5   04:49   0.0  11.8   0.0   0.9  12.9   10:22     W
 2  30.8  35.1   11:19  25.6   04:58   0.0  12.5   0.0   1.2  14.5   12:28     W
 3  29.8  35.1   12:30  25.7   17:10   0.0  11.5   8.1   1.2  24.1   16:45    NW
 4  30.2  35.2   14:28  24.9   04:36   0.0  11.9   0.0   0.8  19.3   21:45   WNW
 5  29.7  35.2   11:18  24.9   05:12   0.0  11.3   0.0   0.9  12.9   11:51     W
 6  30.5  35.9   12:12  24.8   04:24   0.0  12.1   0.0   1.1  14.5   11:14   WSW
 7  30.6  36.9   13:06  25.0   05:25   0.0  12.3   0.0   1.0  14.5   10:40    SW
 8  30.9  35.1   11:16  27.1   05:10   0.0  12.6   1.2   0.9  11.3   09:31   WSW
 9  29.4  35.1   10:16  24.4   01:42   0.0  11.1  31.8   1.0  20.9   00:14    NW
10  30.4  34.9   11:28  26.4   05:20   0.0  12.1   0.0   1.1  16.1   15:02    SW
11  29.1  34.3   13:09  25.3   21:30   0.0  10.8  15.7   0.9  16.1   17:09    SW
12  28.4  34.5   15:14  25.6   04:13   0.0  10.1   1.3   0.6  17.7   15:33    SW
13  29.3  34.2   13:57  25.5   05:27   0.0  11.0   0.0   1.4  24.1   13:42   SSW
14  30.3  36.6   15:12  26.2   23:40   0.0  12.0   0.0   1.9  25.7   11:46   SSW
15  29.4  36.3   10:11  25.2   04:56   0.0  11.1   0.0   1.1  17.7   15:39     N
16  28.9  34.4   12:21  25.1   21:18   0.0  10.6   2.8   0.8  14.5   18:49    NW
17  28.4  33.6   13:35  23.8   19:29   0.0  10.1  61.5   1.1  29.0   19:12   NNW
18  28.7  34.3   14:45  24.1   00:28   0.0  10.4   3.5   0.8  16.1   19:01    SW
19  28.2  33.8   11:22  24.5   05:23   0.0   9.9   0.8   0.9  17.7   10:48   SSW
20  30.3  35.8   13:24  25.8   02:03   0.0  12.0   0.0   3.6  32.2   20:17   SSW
21  31.0  36.1   14:56  27.6   03:49   0.0  12.6   0.0   3.9  27.4   09:01   SSW
22  29.2  36.9   12:20  24.6   23:40   0.0  10.9  17.0   2.6  27.4   14:16   SSW
23  27.0  32.2   12:57  23.9   03:00   0.0   8.7   1.5   0.5  12.9   20:42   SSW
24  29.1  34.6   14:24  24.9   04:30   0.0  10.8   0.0   0.7  14.5   11:44    SW
25  29.9  34.8   12:17  26.2   23:58   0.0  11.6   1.3   0.9  16.1   10:38   WSW
26  29.3  35.0   12:43  25.6   19:05   0.0  11.0  13.2   1.0  14.5   12:30    SW
27  29.6  34.8   10:42  24.6   05:00   0.0  11.3   0.0   0.8  12.9   11:05   WSW
28  29.4  33.9   13:43  25.7   05:38   0.0  11.1   0.0   1.0  16.1   00:02   NNW
29  29.3  33.9   11:38  24.6   05:22   0.0  11.0  15.0   1.5  17.7   17:35     N
30  28.3  32.9   09:57  25.5   00:00   0.0  10.0   1.7   0.3  12.9   22:39   SSW
----------------------------------------------------------------------------------
    29.5  36.9     7    23.8    17     0.0 336.2 176.4   1.2  32.2    20     WSW

Max >=  30.0: 30
Max <=  25.0:  0
Min <=  25.0: 14
Min <=  20.0:  0
Max Rain: 61.5 on day 17
Days of Rain: 15 (>= 0.2 mm)  9 (>= 2.0 mm)  2 (>= 20.0 mm)
Heat Base: 18.3  Cool Base: 18.3  Method: Integration