NOAA-Style Climate Reports


Report for 2013 March
                   Monthly Climatological Summary for Mar 2013

Name: SFCweather   City: San Fernando City   Province: La Union

                  Temperature (°C), Rain (mm), Wind Speed (km/h)

                                      Heat  Cool        Avg
    Mean                              Deg   Deg         Wind                 Dom
Day Temp  High   Time   Low    Time   Days  Days  Rain  Speed High   Time    Dir
----------------------------------------------------------------------------------
 1  27.8  33.3   12:53  23.8   01:51   0.0   9.4   0.0   1.5  14.5   17:20    NW
 2  26.8  31.4   11:26  22.7   05:59   0.0   8.5   0.0   1.1  16.1   13:56    NW
 3  27.5  32.9   11:10  23.5   05:50   0.0   8.9   0.0   1.4  19.3   15:40    NW
 4  27.2  30.9   12:28  23.8   06:14   0.0   8.9   0.0   1.3  12.9   11:21   WNW
 5  26.3  30.8   13:42  21.7   06:01   0.0   8.0   0.0   1.4  17.7   13:54     W
 6  26.0  30.7   13:28  21.0   06:13   0.0   7.7   0.0   1.2  12.9   10:06    NW
 7  26.3  30.6   12:52  21.2   05:58   0.0   8.0   0.0   1.9  16.1   16:37   NNW
 8  26.5  31.3   14:04  21.6   05:40   0.0   8.2   0.0   1.4  16.1   12:37   WNW
 9  27.2  32.1   13:05  21.8   05:52   0.0   8.9   0.0   1.4  14.5   12:03    NW
10  28.2  32.0   12:41  26.3   04:20   0.0   9.9   0.0   1.1  12.9   11:19   NNW
11  28.3  33.1   10:35  24.7   06:09   0.0  10.0   0.6   1.2  16.1   11:30   WNW
12  28.7  34.9   11:34  25.1   06:11   0.0  10.4   3.8   1.4  19.3   11:43    SW
13  28.1  33.4   11:58  24.3   06:15   0.0   9.7   1.0   1.6  17.7   10:24   WNW
14  27.6  32.2   12:43  22.9   05:54   0.0   9.3   0.2   2.2  20.9   11:30   NNW
15  28.2  32.4   13:36  24.4   06:13   0.0   9.9   0.0   1.4  14.5   14:32   NNW
16  27.8  32.8   13:16  23.0   05:03   0.0   9.5   0.0   1.1  14.5   11:30   WNW
17  27.9  32.6   13:51  23.3   06:20   0.0   9.6   0.8   1.2  17.7   11:01     W
18  27.6  32.5   14:53  23.3   06:07   0.0   9.3   0.2   1.6  17.7   16:10   NNW
19  28.4  32.6   13:43  24.4   06:22   0.0  10.1   0.0   2.2  16.1   10:34    NW
20  28.6  34.2   12:54  23.6   06:17   0.0  10.3   0.0   1.9  17.7   17:45   WNW
21  28.4  34.8   13:19  24.3   04:49   0.0  10.1   0.0   1.3  14.5   14:19    SW
22  28.0  33.3   11:40  23.6   04:48   0.0   9.7   0.0   0.2  14.5   13:26   WSW
23  27.7  33.9   15:25  23.4   05:43   0.0   9.4  14.5   1.3  16.1   17:19   NNW
24  28.0  33.1   12:47  23.0   06:09   0.0   9.7   0.3   0.9  11.3   13:33   WNW
25  28.7  33.3   13:26  23.8   05:54   0.0  10.4   0.0   1.5  14.5   12:21    NW
26  29.6  34.7   12:13  23.8   05:56   0.0  11.3   0.0   1.2  14.5   12:02   WSW
27  29.1  33.0   13:00  24.8   05:57   0.0  10.8   0.0   1.7  17.7   15:41   NNW
28  29.3  33.9   13:04  25.3   06:19   0.0  11.0   0.0   1.5  16.1   12:24     W
29  29.1  32.8   11:35  25.4   04:23   0.0  10.8   0.0   1.7  16.1   18:53   NNW
30  28.9  35.4   13:31  24.2   05:55   0.0  10.6   0.0   1.3  12.9   12:43    NW
31  28.4  34.4   13:07  22.0   05:44   0.0  10.1   0.0   1.5  14.5   18:21   NNW
----------------------------------------------------------------------------------
    27.9  35.4    30    21.0     6     0.0 298.4  21.4   1.4  20.9    14      NW

Max >=  30.0: 31
Max <=  25.0:  0
Min <=  25.0: 27
Min <=  20.0:  0
Max Rain: 14.5 on day 23
Days of Rain: 8 (>= 0.2 mm)  2 (>= 2.0 mm)  0 (>= 20.0 mm)
Heat Base: 18.3  Cool Base: 18.3  Method: Integration