NOAA-Style Climate Reports


Report for 2012 December
                   Monthly Climatological Summary for Dec 2012

Name: SFCweather   City: San Fernando City   Province: La Union

                  Temperature (°C), Rain (mm), Wind Speed (km/h)

                                      Heat  Cool        Avg
    Mean                              Deg   Deg         Wind                 Dom
Day Temp  High   Time   Low    Time   Days  Days  Rain  Speed High   Time    Dir
----------------------------------------------------------------------------------
 1  26.5  31.2   12:52  21.8   06:03   0.0   8.2   0.0   0.7  11.3   19:43     N
 2  26.3  31.8   12:07  20.8   05:51   0.0   8.0   0.0   1.4  14.5   14:17     N
 3  27.4  31.4   12:25  23.7   03:32   0.0   9.1   0.0   1.5  16.1   12:10     N
 4  27.1  32.0   12:19  23.0   06:10   0.0   8.8   0.0   0.5  11.3   11:11     W
 5  27.5  32.3   11:27  24.1   01:48   0.0   9.2   0.0   1.2  17.7   22:32    NE
 6  26.7  31.8   11:17  23.7   06:32   0.0   8.4   0.0   0.6   9.7   09:10     N
 7  26.7  31.1   12:39  22.9   06:27   0.0   8.3   0.3   0.4  11.3   12:18   WNW
 8  26.7  32.8   12:23  22.7   05:49   0.0   8.4   0.8   0.1  11.3   16:29    SW
 9  27.1  33.1   11:27  23.0   06:03   0.0   8.8   0.2   0.7  14.5   15:05   SSW
10  27.1  31.2   11:11  23.3   06:23   0.0   8.8   0.0   0.6  12.9   12:08     W
11  27.0  32.1   11:01  23.0   06:24   0.0   8.7   0.0   0.6  11.3   11:45   WNW
12  26.7  31.1   12:52  22.4   06:04   0.0   8.2   0.0   0.5  11.3   12:12   WNW
13  26.1  30.7   13:11  21.4   06:21   0.0   7.8   0.0   0.6   9.7   11:23   NNW
14  26.3  30.8   12:20  22.0   06:04   0.0   8.0   0.0   0.8  11.3   12:30   NNW
15  27.1  32.0   12:58  22.5   06:28   0.0   8.8   0.0   0.8  11.3   11:22    SW
16  27.1  31.3   12:57  22.9   06:21   0.0   8.8   0.0   0.9  14.5   13:58     N
17  26.8  31.6   12:14  22.8   05:28   0.0   8.5   0.0   0.5   9.7   11:10   WNW
18  26.9  31.8   12:27  22.6   06:08   0.0   8.6   0.0   0.9  14.5   14:17     N
19  26.3  31.2   14:02  22.9   04:58   0.0   8.0   0.0   0.6  11.3   09:39    NW
20  25.9  30.9   12:07  21.3   06:09   0.0   7.6   0.0   0.5  11.3   14:16     W
21  26.8  31.6   10:39  22.3   04:53   0.0   8.5   0.0   0.4  14.5   12:46    SW
22  27.2  31.3   12:11  22.7   06:26   0.0   8.8   0.0   0.7  11.3   10:10   WNW
23  27.0  30.6   12:44  24.6   06:28   0.0   8.7   0.0   0.4  11.3   14:09     W
24  25.9  31.3   13:32  21.5   05:10   0.0   7.6   0.0   0.7  12.9   12:47   SSW
25  24.9  30.3   10:53  20.8   05:25   0.0   6.6   0.0   0.1   9.7   10:34    SW
26  25.2  30.3   13:13  21.3   06:18   0.0   6.9   0.0   0.2  11.3   13:03     W
27  26.0  29.7   11:30  22.6   02:26   0.0   7.7   0.3   0.1   8.0   08:54   ENE
28  26.3  31.6   12:29  23.6   04:18   0.0   8.0   0.2   0.2   8.0   12:22     W
29  26.9  31.6   14:14  22.9   04:09   0.0   8.6   0.0   0.4  12.9   11:14     W
30  27.3  32.1   11:41  24.0   01:54   0.0   9.0   0.0   3.2  24.1   15:55     N
31  26.7  30.8   12:54  23.3   06:10   0.0   8.4   0.0   1.4  17.7   00:38     N
----------------------------------------------------------------------------------
    26.6  33.1     9    20.8     2     0.0 257.8   1.8   0.7  24.1    30     NNW

Max >=  30.0: 30
Max <=  25.0:  0
Min <=  25.0: 31
Min <=  20.0:  0
Max Rain: 0.8 on day 8
Days of Rain: 5 (>= 0.2 mm)  0 (>= 2.0 mm)  0 (>= 20.0 mm)
Heat Base: 18.3  Cool Base: 18.3  Method: Integration