NOAA-Style Climate Reports


Report for 2012 November
                   Monthly Climatological Summary for Nov 2012

Name: SFCweather   City: San Fernando City   Province: La Union

                  Temperature (°C), Rain (mm), Wind Speed (km/h)

                                      Heat  Cool        Avg
    Mean                              Deg   Deg         Wind                 Dom
Day Temp  High   Time   Low    Time   Days  Days  Rain  Speed High   Time    Dir
----------------------------------------------------------------------------------
 1  27.1  32.2   11:24  22.5   06:04   0.0   8.8   0.0   0.8  11.3   10:51   WSW
 2  27.2  31.2   13:03  22.7   05:42   0.0   8.9   0.0   1.2  14.5   11:45     N
 3  27.3  32.9   09:35  23.0   05:53   0.0   9.0   0.0   0.6  12.9   18:28   NNW
 4  27.4  31.8   12:12  23.1   05:48   0.0   9.1   0.0   0.7  12.9   13:58     N
 5  27.8  32.2   11:07  23.4   05:41   0.0   9.5   0.0   0.8  11.3   11:38   WNW
 6  27.6  32.1   10:12  23.7   05:35   0.0   9.3   0.0   0.6  11.3   12:36    NW
 7  27.8  32.2   12:18  23.9   06:00   0.0   9.5   0.0   0.5   9.7   11:45   NNW
 8  26.7  32.0   12:17  23.4   23:40   0.0   8.4  39.1   0.4  11.3   16:24     W
 9  27.5  32.0   10:46  22.9   05:14   0.0   9.2   0.0   0.6   9.7   09:42   WNW
10  27.8  32.1   11:35  24.1   05:19   0.0   9.5   0.0   0.5   9.7   11:36     W
11  27.7  32.4   10:02  23.4   05:57   0.0   9.4   0.0   0.8  19.3   15:54    NW
12  27.4  33.1   12:55  23.7   05:41   0.0   9.1   0.0   0.4  11.3   11:05    SW
13  27.2  31.6   14:32  24.3   05:49   0.0   8.9   0.0   0.2  11.3   09:26   SSW
14  27.4  32.4   12:26  23.6   05:44   0.0   9.1   0.0   0.3  12.9   15:45     N
15  27.6  31.8   12:27  23.8   05:20   0.0   9.3   0.0   0.6  11.3   10:39   NNW
16  27.3  31.8   09:42  24.2   05:55   0.0   9.0   0.0   0.4  11.3   14:25     E
17  27.7  32.7   11:37  23.3   05:44   0.0   9.4   0.0   1.3  14.5   20:40    NE
18  27.5  31.6   12:44  23.2   06:15   0.0   9.2   0.0   0.5   8.0   00:10    NW
19  26.7  31.7   11:27  21.7   05:56   0.0   8.4   0.0   0.6  11.3   11:33   NNW
20  27.8  32.2   15:38  23.6   05:14   0.0   9.5   0.0   0.2   9.7   13:40   WNW
21  27.8  32.3   14:19  24.6   03:40   0.0   9.5   0.0   0.7  11.3   16:20   NNW
22  27.3  32.1   10:59  22.7   05:43   0.0   8.8   0.0   0.7  12.9   12:44   WSW
23  27.4  31.6   10:50  22.7   05:40   0.0   8.9   0.0   1.0  12.9   17:01   NNE
24  27.2  32.6   12:16  22.9   06:26   0.0   8.9   0.0   0.8  12.9   10:11    SW
25  27.0  31.4   11:46  22.3   05:53   0.0   8.7   0.0   0.6  11.3   11:47    NW
26  27.2  31.6   13:13  22.8   05:26   0.0   8.9   0.0   1.1  14.5   18:52     N
27  27.1  32.6   11:17  23.1   06:25   0.0   8.8   0.0   0.5   9.7   10:17    SW
28  26.9  31.3   11:41  21.8   06:01   0.0   8.6   0.0   0.7   9.7   11:32   NNW
29  27.6  32.1   13:54  22.4   06:02   0.0   9.3   0.0   0.8  12.9   18:12   SSW
30  27.0  31.6   12:12  22.6   04:32   0.0   8.7   0.0   0.9  11.3   12:27    SW
----------------------------------------------------------------------------------
    27.4  33.1    12    21.7    19     0.0 271.6  39.1   0.7  19.3    11      NW

Max >=  30.0: 30
Max <=  25.0:  0
Min <=  25.0: 30
Min <=  20.0:  0
Max Rain: 39.1 on day 8
Days of Rain: 1 (>= 0.2 mm)  1 (>= 2.0 mm)  1 (>= 20.0 mm)
Heat Base: 18.3  Cool Base: 18.3  Method: Integration