NOAA-Style Climate Reports


Report for 2012 March
                   Monthly Climatological Summary for Mar 2012

Name: SFCweather   City: San Fernando City   Province: La Union

                  Temperature (°C), Rain (mm), Wind Speed (km/h)

                                      Heat  Cool        Avg
    Mean                              Deg   Deg         Wind                 Dom
Day Temp  High   Time   Low    Time   Days  Days  Rain  Speed High   Time    Dir
----------------------------------------------------------------------------------
 1  27.9  32.6   13:11  23.3   06:11   0.0   9.6   0.0   2.1  17.7   21:27    NW
 2  28.1  32.6   13:22  23.5   06:30   0.0   9.8   0.0   2.2  16.1   18:04   NNW
 3  27.5  31.7   13:02  22.7   06:24   0.0   9.2   0.0   1.9  16.1   13:32   NNW
 4  27.6  33.4   13:04  21.9   06:26   0.0   9.3   0.0   2.2  16.1   11:55    NW
 5  27.3  33.0   16:45  21.5   06:14   0.0   9.0   0.0   1.7  16.1   11:59   WNW
 6  27.4  31.6   13:16  22.1   06:08   0.0   9.1   0.0   2.2  16.1   16:11    NW
 7  28.1  32.3   15:03  23.2   06:19   0.0   9.8   0.0   2.6  19.3   16:52   NNW
 8  29.0  33.1   11:24  25.9   05:33   0.0  10.7   0.0   2.2  17.7   12:05   WNW
 9  29.3  34.2   13:17  25.6   06:29   0.0  11.0   0.0   2.2  17.7   10:06   WSW
10  28.1  32.2   12:53  23.4   06:08   0.0   9.8   0.0   2.1  17.7   16:34    NW
11  27.6  32.6   13:11  22.8   04:02   0.0   9.3   0.0   2.0  14.5   12:00   NNW
12  27.7  31.9   14:19  24.4   04:51   0.0   9.4   0.0   1.3  17.7   15:07    NW
13  28.0  32.6   13:42  23.5   06:15   0.0   9.7   0.0   1.9  16.1   13:20   WNW
14  28.3  32.8   11:09  24.1   06:22   0.0  10.0   0.0   1.6  17.7   12:41   WSW
15  28.1  32.1   14:53  24.4   05:56   0.0   9.8   0.0   1.9  19.3   16:54   NNW
16  28.4  34.4   14:22  23.8   05:55   0.0  10.1   0.5   1.6  16.1   11:17    SW
17  28.0  32.8   12:37  22.9   05:49   0.0   9.6   0.0   1.8  16.1   09:53   WNW
18  27.5  31.8   13:07  23.6   06:14   0.0   9.2   0.0   1.3  16.1   13:14   WNW
19  29.3  35.1   15:03  24.0   06:17   0.0  11.0   0.5   2.3  16.1   09:32    SW
20  28.6  33.7   12:33  24.3   04:22   0.0  10.3   1.0   2.4  16.1   18:51    NW
21  28.5  35.1   14:34  24.0   05:16   0.0  10.1   0.0   1.7  14.5   09:55    SW
22  28.8  33.0   15:33  24.5   06:08   0.0  10.5   0.0   2.0  16.1   21:01   NNW
23  29.0  33.1   11:29  25.3   05:38   0.0  10.7   0.0   1.9  14.5   15:14    NW
24  27.8  31.7   12:07  24.3   03:47   0.0   9.5  39.4   2.8  24.1   14:03   NNW
25  27.1  30.7   13:06  24.4   01:58   0.0   8.8   0.0   2.3  19.3   16:10     N
26  27.1  31.9   12:56  23.9   05:10   0.0   8.8   0.0   1.1  11.3   11:04     W
27  27.3  31.6   13:22  23.9   02:21   0.0   9.0   0.0   1.5  16.1   11:14    NW
28  27.0  30.7   13:41  22.5   03:41   0.0   8.7   0.0   1.4  16.1   17:47    NW
29  27.4  32.3   12:45  23.7   05:35   0.0   9.1   0.0   1.1  12.9   11:20   WNW
30  27.4  31.7   12:55  24.4   01:56   0.0   9.1   0.0   0.9  12.9   09:50     W
31  27.5  32.3   12:36  24.1   06:09   0.0   9.2   0.5   1.2  14.5   12:03   NNW
----------------------------------------------------------------------------------
    28.0  35.1    19    21.5     5     0.0 299.2  41.9   1.9  24.1    24      NW

Max >=  30.0: 31
Max <=  25.0:  0
Min <=  25.0: 28
Min <=  20.0:  0
Max Rain: 39.4 on day 24
Days of Rain: 5 (>= 0.2 mm)  1 (>= 2.0 mm)  1 (>= 20.0 mm)
Heat Base: 18.3  Cool Base: 18.3  Method: Integration