NOAA-Style Climate Reports


Report for 2012 February
                   Monthly Climatological Summary for Feb 2012

Name: SFCweather   City: San Fernando City   Province: La Union

                  Temperature (°C), Rain (mm), Wind Speed (km/h)

                                      Heat  Cool        Avg
    Mean                              Deg   Deg         Wind                 Dom
Day Temp  High   Time   Low    Time   Days  Days  Rain  Speed High   Time    Dir
----------------------------------------------------------------------------------
19  27.3  30.6   15:03  23.8   23:42   0.0   4.6   0.0   1.4  14.5   13:25   WNW
20  26.1  29.9   10:41  23.1   05:10   0.0   7.8   0.0   0.7   8.0   12:29   NNW
21  26.7  31.1   16:19  22.1   06:32   0.0   8.4   0.0   1.6  14.5   13:06    NW
22  27.8  32.4   12:44  23.4   04:09   0.0   9.4   0.0   1.8  14.5   10:02    NW
23  27.8  31.7   14:34  23.6   06:24   0.0   9.5   0.0   2.0  14.5   12:42   NNW
24  28.0  33.9   14:41  22.9   06:21   0.0   9.7   0.0   2.3  16.1   12:12   WSW
25  27.3  33.2   13:27  21.6   05:55   0.0   9.0   0.0   2.1  16.1   12:35   WSW
26  27.0  31.6   12:05  22.9   04:15   0.0   8.1   0.0   1.5  14.5   11:30   WNW
27  27.4  31.8   11:38  23.7   06:26   0.0   9.1   0.0   1.6  16.1   12:10   WNW
28  27.7  33.3   15:01  22.8   05:51   0.0   9.4   0.0   2.2  16.1   13:38   WNW
29  27.9  31.7   12:28  23.7   06:28   0.0   9.6   0.0   2.1  12.9   11:58   NNW
----------------------------------------------------------------------------------
    27.4  33.9    24    21.6    25     0.0  94.6   0.0   1.8  16.1    24     WNW

Max >=  30.0: 10
Max <=  25.0:  0
Min <=  25.0: 11
Min <=  20.0:  0
Max Rain: 0.0 on day 0
Days of Rain: 0 (>= 0.2 mm)  0 (>= 2.0 mm)  0 (>= 20.0 mm)
Heat Base: 18.3  Cool Base: 18.3  Method: Integration