NOAA-Style Climate Reports


Report for 2018 February
                   Monthly Climatological Summary for Feb 2018

Name: SFCweather   City: San Fernando City   Province: La Union

                  Temperature (°C), Rain (mm), Wind Speed (km/h)

                                      Heat  Cool        Avg
    Mean                              Deg   Deg         Wind                 Dom
Day Temp  High   Time   Low    Time   Days  Days  Rain  Speed High   Time    Dir
----------------------------------------------------------------------------------
 1  25.9  30.4   12:15  22.1   06:14   0.0   7.6   0.0   1.7  19.3   14:13     N
 2  25.8  30.3   13:50  22.1   23:24   0.0   7.5   0.0   1.2  16.1   12:53     N
 3  24.9  29.5   12:21  21.7   06:47   0.0   6.6   0.0   3.0  24.1   13:13   NNE
 4  24.5  28.6   12:03  21.3   01:41   0.0   6.2   0.0   3.2  29.0   15:14   NNE
 5  23.7  26.6   11:30  22.2   23:44   0.0   5.4   0.0   6.5  37.0   16:09   NNE
 6  23.1  27.6   12:33  20.3   06:41   0.0   4.8   0.0   2.8  25.7   01:23   NNE
 7  23.5  29.2   12:35  19.4   06:27   0.0   5.2   7.6   0.2  11.3   10:34    SW
 8  23.3  30.2   13:56  20.1   06:30   0.0   5.0   0.0   1.4  17.7   15:23   NNE
 9  24.8  30.6   13:25  19.7   06:29   0.0   6.5   0.0   0.4  12.9   12:16   WNW
10  25.6  30.3   13:31  20.8   06:13   0.0   7.3   0.0   0.9  12.9   21:22     N
11  25.9  30.3   13:43  21.9   04:59   0.0   7.5   0.0   1.4  17.7   11:15     N
12  26.4  30.6   12:30  23.6   05:03   0.0   8.1   0.0   1.2  19.3   13:01     N
13  26.2  31.0   12:46  22.8   05:05   0.0   7.9   0.0   0.8  12.9   11:13   NNW
14  25.4  29.8   12:37  20.8   06:37   0.0   7.1   0.0   1.0  12.9   10:50     N
15  26.3  31.3   12:52  22.4   04:01   0.0   8.0   0.0   0.7  11.3   12:09   NNW
16  27.1  31.4   13:09  23.0   06:10   0.0   8.8   0.0   1.4  14.5   16:17     N
17  27.5  31.7   10:10  23.6   06:23   0.0   9.2   0.0   0.9  14.5   12:02     N
18  27.5  32.1   12:16  22.8   06:24   0.0   9.2   0.0   0.7  11.3   12:45     N
19  27.5  31.7   12:47  23.2   06:21   0.0   9.2   0.0   0.9  12.9   11:36   NNW
20  26.4  31.3   11:55  20.4   06:42   0.0   8.1   0.0   1.2  17.7   16:39     N
21  27.1  31.8   11:40  22.2   06:18   0.0   8.8   0.0   1.6  19.3   18:19     N
22  27.5  32.6   12:50  23.2   06:08   0.0   9.2   0.0   1.1  12.9   15:18     N
----------------------------------------------------------------------------------
    25.7  32.6    22    19.4     7     0.0 163.2   7.6   1.6  37.0     5       N

Max >=  30.0: 16
Max <=  25.0:  0
Min <=  25.0: 22
Min <=  20.0:  2
Max Rain: 7.6 on day 7
Days of Rain: 1 (>= 0.2 mm)  1 (>= 2.0 mm)  0 (>= 20.0 mm)
Heat Base: 18.3  Cool Base: 18.3  Method: Integration