NOAA-Style Climate Reports


Report for 2018 April
                   Monthly Climatological Summary for Apr 2018

Name: SFCweather   City: San Fernando City   Province: La Union

                  Temperature (°C), Rain (mm), Wind Speed (km/h)

                                      Heat  Cool        Avg
    Mean                              Deg   Deg         Wind                 Dom
Day Temp  High   Time   Low    Time   Days  Days  Rain  Speed High   Time    Dir
----------------------------------------------------------------------------------
 1  28.3  34.8   13:27  23.8   05:59   0.0  10.0   0.0   1.0  16.1   10:58    SW
 2  27.8  32.2   12:54  23.1   06:04   0.0   9.5   0.0   1.2  14.5   14:01     N
 3  28.3  32.4   10:20  23.5   05:39   0.0  10.0   0.0   1.2  16.1   15:25     N
 4  28.3  32.6   11:22  24.4   06:18   0.0  10.1   0.0   1.3  16.1   09:53     N
 5  28.9  35.3   12:51  24.9   01:12   0.0  10.6   1.8   0.8  14.5   15:06    SW
 6  28.6  33.4   10:50  24.6   06:08   0.0  10.3   0.0   1.7  17.7   20:12     N
 7  28.9  34.0   11:21  25.9   05:55   0.0  10.6   0.0   1.6  17.7   14:55   NNW
 8  28.3  32.7   12:42  23.7   05:51   0.0  10.0   0.0   1.3  16.1   16:19     N
 9  28.3  33.1   10:57  23.5   05:49   0.0  10.0   0.0   1.3  17.7   17:31     N
10  28.7  33.6   14:00  24.2   05:53   0.0  10.4   0.0   1.2  14.5   15:06     N
11  28.8  33.2   14:14  23.6   05:44   0.0  10.5   0.0   1.2  16.1   15:33     N
12  29.1  35.2   14:16  23.5   05:57   0.0  10.7   0.0   0.9  12.9   17:05     N
13  29.7  34.6   11:46  25.2   05:51   0.0  11.4   0.0   1.4  17.7   16:27     N
14  29.2  33.3   12:24  24.1   05:55   0.0  10.9   0.0   1.4  16.1   11:53     N
15  28.2  33.5   12:02  23.8   21:20   0.0   9.9   6.1   1.6  20.9   17:11     N
16  28.2  33.4   11:59  22.3   03:43   0.0   9.9   0.0   1.0  14.5   16:39   NNW
17  29.1  33.3   11:27  25.0   05:49   0.0  10.8   0.0   1.4  16.1   19:36     N
18  29.9  35.9   13:11  25.1   04:42   0.0  11.6   0.0   1.1  14.5   12:54   WSW
19  30.0  35.1   11:42  26.2   06:00   0.0  11.7   0.0   1.4  14.5   10:15    NW
----------------------------------------------------------------------------------
    28.8  35.9    18    22.3    16     0.0 198.9   7.9   1.3  20.9    15     NNW

Max >=  30.0: 19
Max <=  25.0:  0
Min <=  25.0: 15
Min <=  20.0:  0
Max Rain: 6.1 on day 15
Days of Rain: 2 (>= 0.2 mm)  1 (>= 2.0 mm)  0 (>= 20.0 mm)
Heat Base: 18.3  Cool Base: 18.3  Method: Integration